hat is the remainder when 64 is divided by 59?
5
What is the remainder when 117 is divided by 28?
5
Calculate the remainder when 9 is divided by 3.
0
What is the remainder when 56 is divided by 34?
22
What is the remainder when 1407 is divided by 128?
127
Calculate the remainder when 128 is divided by 48.
32
Calculate the remainder when 63 is divided by 17.
12
Calculate the remainder when 3481 is divided by 11.
5
What is the remainder when 432 is divided by 31?
29
What is the remainder when 3420 is divided by 58?
56
What is the remainder when 172 is divided by 44?
40
Calculate the remainder when 2400 is divided by 475.
25
What is the remainder when 4604 is divided by 48?
44
What is the remainder when 166 is divided by 23?
5
What is the remainder when 435 is divided by 19?
17
Calculate the remainder when 74 is divided by 28.
18
What is the remainder when 2766 is divided by 10?
6
What is the remainder when 1161 is divided by 49?
34
What is the remainder when 186 is divided by 40?
26
Calculate the remainder when 177 is divided by 60.
57
Calculate the remainder when 1341 is divided by 12.
9
Calculate the remainder when 427 is divided by 89.
71
What is the remainder when 149 is divided by 17?
13
What is the remainder when 2769 is divided by 10?
9
Calculate the remainder when 627 is divided by 30.
27
Calculate the remainder when 108 is divided by 59.
49
What is the remainder when 3918 is divided by 280?
278
What is the remainder when 173 is divided by 25?
23
What is the remainder when 859 is divided by 176?
155
What is the remainder when 3597 is divided by 163?
11
What is the remainder when 313 is divided by 20?
13
Calculate the remainder when 311 is divided by 17.
5
Calculate the remainder when 273 is divided by 150.
123
What is the remainder when 346 is divided by 51?
40
Calculate the remainder when 6547 is divided by 363.
13
Calculate the remainder when 408 is divided by 103.
99
What is the remainder when 119 is divided by 30?
29
What is the remainder when 345 is divided by 335?
10
What is the remainder when 75 is divided by 59?
16
Calculate the remainder when 9474 is divided by 206.
204
Calculate the remainder when 3321 is divided by 95.
91
Calculate the remainder when 308 is divided by 97.
17
What is the remainder when 243 is divided by 23?
13
Calculate the remainder when 32 is divided by 6.
2
What is the remainder when 1249 is divided by 144?
97
What is the remainder when 1700 is divided by 24?
20
What is the remainder when 191 is divided by 50?
41
What is the remainder when 23 is divided by 12?
11
What is the remainder when 54 is divided by 8?
6
What is the remainder when 659 is divided by 17?
13
What is the remainder when 5588 is divided by 86?
84
What is the remainder when 3005 is divided by 64?
61
Calculate the remainder when 99 is divided by 65.
34
What is the remainder when 1606 is divided by 13?
7
What is the remainder when 337 is divided by 20?
17
Calculate the remainder when 46 is divided by 39.
7
Calculate the remainder when 278 is divided by 23.
2
What is the remainder when 526 is divided by 66?
64
Calculate the remainder when 7861 is divided by 13.
9
Calculate the remainder when 3863 is divided by 58.
35
Calculate the remainder when 61 is divided by 25.
11
What is the remainder when 319 is divided by 16?
15
Calculate the remainder when 159 is divided by 80.
79
Calculate the remainder when 85 is divided by 18.
13
What is the remainder when 59 is divided by 43?
16
Calculate the remainder when 69 is divided by 42.
27
What is the remainder when 445 is divided by 40?
5
What is the remainder when 14856 is divided by 193?
188
What is the remainder when 598 is divided by 74?
6
Calculate the remainder when 2428 is divided by 143.
140
What is the remainder when 23882 is divided by 28?
26
What is the remainder when 14495 is divided by 20?
15
What is the remainder when 57 is divided by 20?
17
What is the remainder when 87 is divided by 18?
15
Calculate the remainder when 12077 is divided by 80.
77
Calculate the remainder when 1592 is divided by 312.
32
What is the remainder when 39309 is divided by 26?
23
Calculate the remainder when 1235 is divided by 59.
55
Calculate the remainder when 59 is divided by 6.
5
What is the remainder when 4734 is divided by 396?
378
Calculate the remainder when 394 is divided by 91.
30
What is the remainder when 294 is divided by 70?
14
What is the remainder when 1736 is divided by 193?
192
Calculate the remainder when 332 is divided by 48.
44
What is the remainder when 213 is divided by 67?
12
What is the remainder when 1817 is divided by 49?
4
Calculate the remainder when 2263 is divided by 103.
100
Calculate the remainder when 143 is divided by 70.
3
What is the remainder when 1962 is divided by 647?
21
Calculate the remainder when 16 is divided by 8.
0
Calculate the remainder when 8466 is divided by 70.
66
Calculate the remainder when 1428 is divided by 702.
24
What is the remainder when 61 is divided by 14?
5
What is the remainder when 282 is divided by 7?
2
Calculate the remainder when 92 is divided by 62.
30
Calculate the remainder when 995 is divided by 275.
170
What is the remainder when 257 is divided by 52?
49
Calculate the remainder when 180 is divided by 71.
38
What is the remainder when 259 is divided by 13?
12
What is the remainder when 72 is divided by 22?
6
What is the remainder when 395 is divided by 33?
32
What is the remainder when 176 is divided by 9?
5
What is the remainder when 668 is divided by 66?
8
What is the remainder when 50 is divided by 18?
14
What is the remainder when 35 is divided by 29?
6
What is the remainder when 159 is divided by 58?
43
What is the remainder when 5161 is divided by 3?
1
What is the remainder when 1033 is divided by 107?
70
What is the remainder when 126 is divided by 109?
17
What is the remainder when 196 is divided by 34?
26
Calculate the remainder when 470 is divided by 17.
11
Calculate the remainder when 160 is divided by 58.
44
What is the remainder when 119 is divided by 27?
11
Calculate the remainder when 912 is divided by 153.
147
Calculate the remainder when 2109 is divided by 48.
45
Calculate the remainder when 78 is divided by 56.
22
What is the remainder when 2157 is divided by 1076?
5
Calculate the remainder when 36 is divided by 3.
0
Calculate the remainder when 400 is divided by 37.
30
Calculate the remainder when 851 is divided by 248.
107
What is the remainder when 156 is divided by 19?
4
Calculate the remainder when 184 is divided by 62.
60
What is the remainder when 2211 is divided by 732?
15
Calculate the remainder when 1815 is divided by 96.
87
What is the remainder when 273 is divided by 75?
48
Calculate the remainder when 1121 is divided by 1063.
58
Calculate the remainder when 58 is divided by 6.
4
What is the remainder when 3457 is divided by 10?
7
What is the remainder when 173 is divided by 27?
11
Calculate the remainder when 135 is divided by 23.
20
Calculate the remainder when 177 is divided by 47.
36
What is the remainder when 268 is divided by 54?
52
What is the remainder when 107 is divided by 12?
11
What is the remainder when 263 is divided by 63?
11
Calculate the remainder when 2571 is divided by 32.
11
Calculate the remainder when 518 is divided by 189.
140
Calculate the remainder when 8510 is divided by 8.
6
Calculate the remainder when 799 is divided by 127.
37
Calculate the remainder when 88 is divided by 25.
13
What is the remainder when 1191 is divided by 578?
35
Calculate the remainder when 1866 is divided by 21.
18
Calculate the remainder when 97 is divided by 57.
40
Calculate the remainder when 218 is divided by 13.
10
What is the remainder when 1227 is divided by 94?
5
Calculate the remainder when 350 is divided by 24.
14
What is the remainder when 1846 is divided by 74?
70
Calculate the remainder when 195 is divided by 111.
84
Calculate the remainder when 27 is divided by 2.
1
What is the remainder when 231 is divided by 53?
19
Calculate the remainder when 2607 is divided by 18.
15
Calculate the remainder when 1473 is divided by 22.
21
Calculate the remainder when 1438 is divided by 90.
88
Calculate the remainder when 84478 is divided by 60.
58
What is the remainder when 309 is divided by 31?
30
What is the rem